e remainder when 21668 is divided by 2407?
5
What is the remainder when 1775905 is divided by 14?
5
Calculate the remainder when 3981 is divided by 335.
296
What is the remainder when 6167 is divided by 69?
26
What is the remainder when 12543 is divided by 380?
3
Calculate the remainder when 13939 is divided by 99.
79
Calculate the remainder when 6461 is divided by 500.
461
Calculate the remainder when 5034 is divided by 97.
87
What is the remainder when 7810 is divided by 36?
34
Calculate the remainder when 64631 is divided by 505.
496
Calculate the remainder when 6382 is divided by 581.
572
What is the remainder when 53149 is divided by 214?
77
Calculate the remainder when 214633 is divided by 80.
73
Calculate the remainder when 8303 is divided by 31.
26
What is the remainder when 1624852 is divided by 55?
42
What is the remainder when 44373 is divided by 376?
5
What is the remainder when 141854 is divided by 23?
13
What is the remainder when 4444 is divided by 237?
178
What is the remainder when 18227 is divided by 4553?
15
What is the remainder when 914 is divided by 148?
26
Calculate the remainder when 62773 is divided by 14.
11
What is the remainder when 401960 is divided by 133986?
2
Calculate the remainder when 1305 is divided by 119.
115
Calculate the remainder when 2059424 is divided by 405.
404
What is the remainder when 5954 is divided by 1533?
1355
Calculate the remainder when 2865 is divided by 2797.
68
Calculate the remainder when 17775 is divided by 2960.
15
What is the remainder when 44372 is divided by 134?
18
Calculate the remainder when 106591 is divided by 53291.
9
Calculate the remainder when 4261 is divided by 387.
4
What is the remainder when 211213 is divided by 179?
172
Calculate the remainder when 901 is divided by 433.
35
What is the remainder when 17117 is divided by 106?
51
Calculate the remainder when 1613 is divided by 510.
83
Calculate the remainder when 137 is divided by 22.
5
Calculate the remainder when 15108 is divided by 107.
21
Calculate the remainder when 9261 is divided by 110.
21
Calculate the remainder when 36466 is divided by 4554.
34
Calculate the remainder when 11504 is divided by 15.
14
What is the remainder when 713932 is divided by 1583?
1582
What is the remainder when 4900 is divided by 8?
4
Calculate the remainder when 583458 is divided by 1057.
1051
What is the remainder when 14414 is divided by 248?
30
What is the remainder when 63726 is divided by 1677?
0
Calculate the remainder when 30474 is divided by 265.
264
What is the remainder when 17311 is divided by 8649?
13
What is the remainder when 789467 is divided by 10?
7
Calculate the remainder when 17812 is divided by 173.
166
What is the remainder when 14167 is divided by 14156?
11
What is the remainder when 6618 is divided by 303?
255
What is the remainder when 117160 is divided by 36?
16
Calculate the remainder when 4300 is divided by 2142.
16
Calculate the remainder when 52014 is divided by 24.
6
What is the remainder when 5170 is divided by 1704?
58
What is the remainder when 29982 is divided by 97?
9
What is the remainder when 654 is divided by 3?
0
Calculate the remainder when 1068 is divided by 976.
92
Calculate the remainder when 420 is divided by 128.
36
What is the remainder when 17259 is divided by 4313?
7
What is the remainder when 1859 is divided by 135?
104
Calculate the remainder when 27711 is divided by 9023.
642
Calculate the remainder when 2568 is divided by 10.
8
Calculate the remainder when 15914 is divided by 44.
30
Calculate the remainder when 115577 is divided by 448.
441
Calculate the remainder when 288396 is divided by 20.
16
What is the remainder when 4355 is divided by 868?
15
What is the remainder when 152425 is divided by 1509?
16
Calculate the remainder when 504 is divided by 15.
9
What is the remainder when 3500067 is divided by 49?
46
What is the remainder when 5101 is divided by 153?
52
What is the remainder when 85102 is divided by 6546?
4
What is the remainder when 23720 is divided by 11825?
70
What is the remainder when 40452 is divided by 321?
6
What is the remainder when 132514 is divided by 595?
424
What is the remainder when 7268 is divided by 34?
26
Calculate the remainder when 178 is divided by 15.
13
What is the remainder when 8805 is divided by 550?
5
Calculate the remainder when 10572 is divided by 98.
86
Calculate the remainder when 984801 is divided by 197.
195
What is the remainder when 1106389 is divided by 5?
4
Calculate the remainder when 2502724 is divided by 669.
664
What is the remainder when 25261 is divided by 25236?
25
What is the remainder when 440638 is divided by 892?
882
What is the remainder when 2048 is divided by 171?
167
Calculate the remainder when 11925 is divided by 11701.
224
Calculate the remainder when 130287 is divided by 115.
107
Calculate the remainder when 4149 is divided by 67.
62
What is the remainder when 813 is divided by 86?
39
What is the remainder when 1562883 is divided by 8140?
3
Calculate the remainder when 5643 is divided by 90.
63
What is the remainder when 4626 is divided by 1182?
1080
What is the remainder when 2144 is divided by 90?
74
What is the remainder when 32057 is divided by 234?
233
Calculate the remainder when 6614 is divided by 254.
10
Calculate the remainder when 16147 is divided by 73.
14
Calculate the remainder when 245 is divided by 7.
0
Calculate the remainder when 76208 is divided by 38073.
62
Calculate the remainder when 10639 is divided by 5317.
5
Calculate the remainder when 20193 is divided by 199.
94
What is the remainder when 178843 is divided by 73?
66
What is the remainder when 135631 is divided by 8?
7
What is the remainder when 36734 is divided by 93?
92
What is the remainder when 117616 is divided by 235?
116
Calculate the remainder when 50247 is divided by 60.
27
What is the remainder when 1204 is divided by 525?
154
Calculate the remainder when 175998 is divided by 110.
108
What is the remainder when 10154 is divided by 4?
2
What is the remainder when 42672 is divided by 970?
962
What is the remainder when 16837 is divided by 3308?
297
Calculate the remainder when 674 is divided by 276.
122
What is the remainder when 223231 is divided by 44641?
26
What is the remainder when 84248 is divided by 1296?
8
Calculate the remainder when 187363 is divided by 62.
61
Calculate the remainder when 620 is divided by 219.
182
Calculate the remainder when 6896 is divided by 67.
62
What is the remainder when 584770 is divided by 35?
25
Calculate the remainder when 5790 is divided by 8.
6
What is the remainder when 750 is divided by 79?
39
Calculate the remainder when 491 is divided by 38.
35
Calculate the remainder when 68198 is divided by 248.
246
What is the remainder when 4307 is divided by 716?
11
What is the remainder when 8931 is divided by 62?
3
Calculate the remainder when 154509 is divided by 24.
21
What is the remainder when 99364 is divided by 33114?
22
What is the remainder when 268556 is divided by 569?
557
Calculate the remainder when 218121 is divided by 72705.
6
Calculate the remainder when 1968 is divided by 179.
178
What is the remainder when 4000 is divided by 850?
600
Calculate the remainder when 63550 is divided by 63536.
14
What is the remainder when 3525 is divided by 87?
45
Calculate the remainder when 6111 is divided by 161.
154
Calculate the remainder when 110713 is divided by 1318.
1
Calculate the remainder when 25928 is divided by 701.
692
Calculate the remainder when 689726 is divided by 229904.
14
Calculate the remainder when 5136 is divided by 5127.
9
What is the remainder when 754135 is divided by 70?
25
Calculate the remainder when 70210 is divided by 124.
26
What is the remainder when 6714 is divided by 2237?
3
Calculate the remainder when 19569 is divided by 101.
76
What is the remainder when 1835 is divided by 92?
87
Calculate the remainder when 1708 is divided by 101.
92
What is the remainder when 1838 is divided by 65?
18
Calculate the remainder when 14370 is divided by 14361.
9
What is the remainder when 1336687 is divided by 17137?
1
What is the remainder when 11388 is divided by 18?
12
Calculate the remainder when 456313 is divided by 301.
298
Calculate the remainder when 173188 is divided by 